 1 + 0*s**2 + s**2. Let o be p(10). Let l = o - 23. List the prime factors of l.
2, 3, 5
List the prime factors of ((-25)/15)/(7/((-697830)/25)).
2, 3323
Let n(t) be the third derivative of 2/3*t**3 + 1/8*t**4 - 6*t**2 + 1/2*t**5 + 0*t + 0. List the prime factors of n(-2).
2, 59
Let g(i) be the second derivative of -i**4/12 + 29*i**3/6 + 11*i**2 + 2*i - 2. List the prime factors of g(18).
2, 5, 11
Let x be (-96)/(-20)*(-4)/12*-5. Suppose -5*u + 3*r + 44 = x, 20 = 5*u + 5*r. What are the prime factors of u/2 - 2 - -75?
2, 19
List the prime factors of 10 + 7259/153 + (-8)/18.
3, 19
Let b(s) be the second derivative of 117*s**5/5 + s**4/3 + s**3/3 - 5*s**2/2 + 111*s + 2. List the prime factors of b(1).
7, 67
Suppose 12*s = 20 + 4. Let q(o) = -49*o**2 - 3*o + 4. Let u be q(4). What are the prime factors of s/8 + u/(-32)?
5
Let g = 53 - 5. Let c = 8 + g. Suppose o = c + 17. List the prime factors of o.
73
Suppose 0 = -3*o - w + 5*w + 16, -2*w = 2. Suppose 3*g + x - 936 = 0, g = -o*g - 3*x + 1556. What are the prime factors of g?
313
Let o(x) = 4*x**2 + 10*x + 17. Let q(w) = 11*w**2 + 30*w + 50. Let s(k) = 7*o(k) - 2*q(k). Let j = -1254 - -1251. List the prime factors of s(j).
43
Let d = -10220 - -10490. Suppose -4*m = 4*q - 8, -5*q = m + 2*m. Suppose m*y + 2*a - 308 = 0, 4*a + 14 + d = 5*y. What are the prime factors of y?
2, 3, 5
Suppose -2*u - 3430 = -s - 615, -7043 = 5*u + 3*s. What are the prime factors of ((-84)/2)/(48/u)?
2, 7, 11
Suppose 23 - 41 = -9*n. Suppose -5*b + m + 468 + 1681 = 0, -b + n*m + 437 = 0. What are the prime factors of b?
3, 11, 13
Let d be 10/50 - (-544)/5. Let i(m) = -m**2 + 10*m + 13. Let k be i(12). Let q = d - k. What are the prime factors of q?
2, 3, 5
Let x(l) = 19*l**2 + 64*l - 1205. What are the prime factors of x(19)?
2, 3, 5, 229
Suppose 34*m - 16*m = 16*m + 24888. List the prime factors of m.
2, 3, 17, 61
Suppose -43*i = -38*i - 15. Suppose i*n = 2*n + 40. Suppose -2*c + n = -c. What are the prime factors of c?
2, 5
Suppose -17*g + 0 - 68 = 0. What are the prime factors of (-3978)/g - (-8)/(-16)?
2, 7, 71
Let h(f) = 422*f**2 - 74*f + 16. What are the prime factors of h(6)?
2, 3691
Let a(s) = -8*s - 47. Let u be a(-14). Suppose 195 = 4*f - u. Let z = f - -65. List the prime factors of z.
2, 5, 13
Suppose -18 = -16*f + 10*f. Suppose -10*p = -z - 12*p + 742, 0 = p + f. What are the prime factors of z?
2, 11, 17
Let w(d) = -2*d**2 - 20*d + 25. Let c be w(-11). Suppose -2*r - 84 = -5*j - 834, -3*r - c*j + 1146 = 0. Let s = r - 244. List the prime factors of s.
2, 17
Let l(n) = -2*n - n - n + 5*n - 5. Let q be l(7). What are the prime factors of -2 - -16*(q + 1)?
2, 23
Let m(t) = t**3 - 2*t. Let k be m(-2). Let u be (k + -798)/(-2) - 4. Suppose -u = -9*a + 386. What are the prime factors of a?
3, 29
Suppose 32*m + 10843 = 12473 + 42498. List the prime factors of m.
7, 197
Let v = -704 - -706. List the prime factors of v*(9 + (-2308)/(-8)).
5, 7, 17
Suppose -3*x + 11694 = n, n - 71*x - 11708 = -67*x. What are the prime factors of n?
2, 3, 5, 13
Let x(m) = -132*m - 9959. List the prime factors of x(-146).
67, 139
Suppose -32*d + 87231 = -33569. List the prime factors of d.
5, 151
Let i(b) = 77*b - 16. Let t be i(3). Suppose t*k + 4 = 217*k. List the prime factors of k/((-28)/(-962)) + 2/7.
3, 23
Let r(w) = -w**3 - 8*w**2 - 7*w - 9. Let q be r(-4). Let g be (-2)/(-3)*q/10. Let v = 95 + g. What are the prime factors of v?
2, 23
Let g = 15359 + -203. List the prime factors of g.
2, 3, 421
Suppose -94*n + 95*n + 35 = 0. Let f = 37 - n. Let t = 38 + f. List the prime factors of t.
2, 5, 11
Suppose 608 = 4*o + 4*a, 5*o - 4*a - 766 = -6*a. Let d = -109 + o. List the prime factors of d/(-6)*(-28)/6.
5, 7
Suppose 546757 = 137*h - 438205 + 71446. List the prime factors of h.
2, 1667
Let z be 23/3*(0 + -3). Let g = -2217 + 2316. Let k = z + g. List the prime factors of k.
2, 19
Let c(s) = s**2 - 10*s + 12. Let z be c(9). Suppose u - z = 5. Suppose u*v - 624 = 2*v. What are the prime factors of v?
2, 13
Suppose -17*h + 11*h - 30 = 0. Let s(g) = 13*g**2 + 16*g + 26. List the prime factors of s(h).
271
Let a be ((-20)/30)/((-2)/(-642)). Let v = a - -435. What are the prime factors of v?
13, 17
Suppose 4*k - 4*c = 4, 0*c = -k + 2*c - 3. Suppose k*u + 5*h = 215, 37 = 5*u - h - 202. List the prime factors of u.
47
Let y be 6/(4122/(-822) + 5). Let x = -379 - y. What are the prime factors of x?
2
Suppose -3*h = 2*b - 189195, 9*b - 143366 + 17236 = -2*h. List the prime factors of h.
5, 12613
Let g be (-2 + 1)/((-2)/(-10)). Let m be (6372/90)/((-1)/g). Suppose -6*a - 54 = -m. List the prime factors of a.
2, 5
List the prime factors of 540/81*(-23679)/(-6).
2, 3, 5, 877
Suppose -4*i + d = -10234, d - 641 = -2*i + 4479. Let b = i + -1498. Suppose 3*p + 2*f - 7*f - 803 = 0, -3*f + b = 4*p. What are the prime factors of p?
2, 7, 19
Suppose -25*j = -26*j + 4*w + 12864, -3*w - 12868 = -j. List the prime factors of j.
2, 5, 7, 23
Suppose -3*b = -0*b + 2*r - 5, -4*b + 18 = -3*r. Let c(u) = u**2 - 6*u + 42*u**b - 7 - 19*u**3 - 20*u**3. What are the prime factors of c(4)?
3, 59
Suppose 102694 = 2*r + 3*l, -49*l + 54*l - 102694 = -2*r. What are the prime factors of r?
51347
Let j(s) = -14*s + 22. Let g(k) = 8*k - 7*k + 44 - 30*k. Let l(i) = -4*g(i) + 9*j(i). What are the prime factors of l(-9)?
2, 7
Let k(l) = -l**2 - 7*l + 4. Let d be k(-7). Suppose t - 4*y = -3*y + 200, -d*t + y + 797 = 0. Let w = t - 77. List the prime factors of w.
2, 61
Let j(q) = 161*q**2 + 59 - 294*q**2 + 147*q**2 - 3*q. List the prime factors of j(6).
5, 109
Suppose -19*f = -64*f + 634770. List the prime factors of f.
2, 3, 2351
Let x(q) = -2438*q - 1179. List the prime factors of x(-5).
7, 11, 13
Let o(y) = -y**3 + 8*y**2 - 11*y + 30. Let q be o(7). Suppose 0 = q*b - 35*b + 6666. List the prime factors of b.
2, 101
Let p = -88 + 82. What are the prime factors of (4/p)/((-8)/1236)?
103
Suppose 2*w - 2 = -4*r - 10, 2*r + 6 = 0. Suppose -197 = -22*h - 43. Suppose -5*s = -3*x + 440, w*x + 780 = h*x + s. List the prime factors of x.
5, 31
Suppose -3*z + 146644 = -21613 - 17899. What are the prime factors of z?
2, 3, 5171
Suppose 4*c - 5*z - 29 = -10*z, -4*z = -5*c + 26. Let w(x) = -4*x**2 - 2*x + 9. Let p be w(c). What are the prime factors of (-14)/4*4788/p?
2, 3, 19
Let v(n) = -n**2 + 3*n + 582. Let k be 3*(-7)/(-35) - 3/5. List the prime factors of v(k).
2, 3, 97
Suppose -16*q + 71 = -137. Suppose q*d - 17*d = -2*p + 486, 719 = 3*p - d. What are the prime factors of p?
239
Let v = 336 - 494. Let a = v - -432. List the prime factors of a.
2, 137
Let d(t) = 83*t + 86 - 65 + 21*t. List the prime factors of d(5).
541
Let m(u) = 40*u**3 - 7*u**2 + 19*u - 60. Let n be m(4). Let v = n - 1569. What are the prime factors of v?
5, 179
Let z = -142 + 170. Suppose 2*y - 5*f + z = 0, 5*y - 2 = -3*f - 10. List the prime factors of 2/8 - 1111/y.
2, 139
Suppose 22*x - 707679 = 86380 + 441197. List the prime factors of x.
2, 3, 4679
Suppose 0 = 4*z - 2*b - 33062, 9*z - 4*b = 5*z + 33060. What are the prime factors of z?
2, 4133
Let i = 91 - 60. Suppose 3*c - 3*q + 97 = 5*c, c + 5*q - i = 0. Let k = c + -44. What are the prime factors of k?
2, 3
Let j = 16915 - 2697. List the prime factors of j.
2, 7109
Let z(t) = 44 - 7*t + 11*t**2 - 4*t - 86 + t**3. What are the prime factors of z(-11)?
79
Suppose -2*n + 20946 = 4*s - 2506, -5*s + 30 = 0. List the prime factors of n.
2, 5857
Let l = -2881 - -5754. What are the prime factors of l?
13, 17
Let f = 10 + -14. Let b be -9*4/(f + 0). Let k(m) = -m**3 + 10*m**2 - 4*m - 17. What are the prime factors of k(b)?
2, 7
Suppose 5*r - 3*r - 42 = 0. Suppose -r*m = -23*m + 260. Suppose m = 8*q - 4*q - 2*y, -y + 67 = 2*q. What are the prime factors of q?
3, 11
Suppose -q = -k - 406, -4*q - 5*k = -3*q - 424. Suppose -2*r + 432 = 5*h, 5*r - h = q + 671. What are the prime factors of r?
2, 3
Suppose 5*t - 25 = 0, 3*q + t + 0 = 11. Suppose -r = l + 10, -3*r + 5*l = q*l. What are the prime factors of (3/(-2))/(r/340)?
2, 3, 17
Suppose 0*i - 4*i + 121 = -3*m, 5*i = 3*m + 152. Suppose 0 = 11*l - i*l + 3440. List the prime factors of l.
2, 43
Let g be (-10)/(-1*(-4)/(-2)). Suppose -g*h + 2603 = 388. What are the prime factors of h?
443
Suppose -617 - 6779 = -4*k. 